is the remainder when s(4) is divided by j?
66
Suppose 0 = 7*y - 130 + 1964. Let s = y + 290. What is the remainder when 82 is divided by s?
26
Suppose 2*y - 929 = 3*n, 0 = -5*n + 13*y - 8*y - 1545. Let d = -280 - n. Calculate the remainder when 153 is divided by d.
29
Suppose i = 4*p - 1046, 358*p = 355*p - 5*i + 819. What is the remainder when 2347 is divided by p?
243
Let q(r) = r**2 + 5*r - 5. Let o(t) = -1. Let x(f) = 4*o(f) - q(f). Let c(d) = -9*d**2 + 226*d - 23. Calculate the remainder when c(25) is divided by x(-5).
0
Suppose 2*c - 48 = 4*z - 6*z, 126 = 5*z + 2*c. Suppose -5 = 4*d + d + 4*w, 5*d = 2*w + 25. Suppose 17 - d = b. Calculate the remainder when z is divided by b.
12
Suppose -249224 = -326*t + 164796. Calculate the remainder when t is divided by 53.
51
Let y = -105 + 110. Suppose -2*x + 281 = 3*x - 2*c, 2*x - 104 = y*c. What is the remainder when 106 is divided by x?
49
Suppose -3978*t + 3968*t = -1980. What is the remainder when t is divided by 29?
24
Suppose 50*r - 378 = 1122. Calculate the remainder when 1678 is divided by r.
28
Let p(i) = 19*i + 33. Let m be p(-2). Let o(x) = -3*x + 51. Calculate the remainder when 194 is divided by o(m).
62
Let u(i) = -i**2 - 11*i - 14. Let c be (4/8)/((-2)/4). What is the remainder when c/2 + (-102)/(-4) is divided by u(-7)?
11
Suppose 76*f + 399*f - 3287 = 45638. What is the remainder when 114 is divided by f?
11
Let v(k) = -k**2 + 8*k - 9. Let d be v(4). Suppose 916 - 174 = d*o. What is the remainder when o is divided by 18?
16
Suppose -3987 + 13458 = 3*s - 3*w, 0 = -4*s + 5*w + 12628. Calculate the remainder when s is divided by 29.
25
Suppose 0 = -163*d + 160*d + 12. Suppose -d*z - 18 = -10*z. Suppose 161 + 157 = z*v. Calculate the remainder when v is divided by 27.
25
Suppose -h + 7*h - 2*h = 12084. Calculate the remainder when h is divided by 63.
60
Let v(i) = 5*i**2 - 58*i + 56. Let l = 143 - 59. Calculate the remainder when l is divided by v(11).
15
Suppose y + 2*c - 67 = 0, 195 = 3*y - 3*c - 42. Let j be (-10730)/222*6/5. Let l = y + j. What is the remainder when 47 is divided by l?
13
Let l(p) = 7*p**2 + 13*p - 26. Suppose 0 = 3*o, 0 = 4*r + 4*o - 8 - 0. What is the remainder when l(r) is divided by 56/6 - 2/(-3)?
8
Let l(g) = g**3 + 18*g**2 + 2*g - 34. Calculate the remainder when l(-12) is divided by 73.
3
Suppose -2*m = 6*m + 8*m - 432. Suppose 18 - 2 = 4*h. What is the remainder when m is divided by h?
3
Suppose -2*w - 94 + 56 = -332. Calculate the remainder when 429 is divided by w.
135
Let x(k) = -k**3 + 11*k**2 + 14*k. Let j be x(11). Suppose -j = -2*y - p, 4*p = -y + p + 77. What is the remainder when y is divided by 2?
1
Let s = 168 + -145. Suppose -10*f + 6 = -w - 5*f, -3*f = -2*w + s. Calculate the remainder when 264 is divided by w.
17
Suppose 2*p + 35 = s, 0 = -s - 19*p + 18*p + 47. Calculate the remainder when 226 is divided by s.
11
Let p = -436 - -579. Calculate the remainder when p is divided by 126.
17
Let r(k) = 5*k**2 + k - 5. Let o be r(-3). Let q = -27 + o. Suppose -18*t = -q*t - 744. What is the remainder when t is divided by 16?
13
Let b = 1924 + -1901. Calculate the remainder when 793 is divided by b.
11
Suppose -29*j + 35 = -27*j - i, 0 = -5*j + i + 83. Calculate the remainder when 904 is divided by j.
8
Suppose 3*f + 4*v - 100 = 0, 0 = 3*f + 7*v - 9*v - 94. Suppose 2*z = u - 0*u + f, 5*z - 5*u = 80. What is the remainder when 3/(-3 + 93/30) is divided by z?
14
Let t(w) = -w**3 - 24*w**2 + 25*w + 16. Let x be t(-25). Suppose 5*q + x = 96. What is the remainder when 415 is divided by q?
15
Let h be (17/(-17))/(9/8 - 1). Calculate the remainder when (h/4 - -123) + 0 is divided by 31.
28
Suppose -4*t + 0*y - y + 1792 = 0, 2*y + 1355 = 3*t. Let m = t + -438. What is the remainder when m is divided by (0 + 1)*(1 - -5)?
5
Let p be (5 - -2)*1 + -2. Suppose 36 + 27 = x + g, -287 = -p*x + 2*g. Calculate the remainder when x is divided by 35.
24
Let o(i) = i**3 + 3*i**2 - 4*i - 2. Let n be o(-5). Let y = n - -102. Let r(h) = 3*h. What is the remainder when y is divided by r(6)?
16
Suppose 5*q + d = -d - 25, 2*d - 20 = 4*q. Let x(f) = 5 - 82*f + 22*f + 24*f + 31*f + 7. What is the remainder when 72 is divided by x(q)?
35
Suppose -4*f - 19172 = 87*p - 92*p, -f - 15353 = -4*p. What is the remainder when p is divided by 17?
15
Suppose 0 = -5*r - 5*s + 2135, 2*r + 6*s = 10*s + 860. What is the remainder when r is divided by 197?
34
Let u(s) = -105*s - 6394. Calculate the remainder when 5795 is divided by u(-61).
9
Suppose -12*a = -a - 33. Calculate the remainder when 22 is divided by 8*a*15/24.
7
Let x be (3 + 15 + 0)*-1. Let h = x + 54. Suppose 361*d - k + 55 = 366*d, -3*k + 45 = 3*d. Calculate the remainder when h is divided by d.
6
Suppose 27*a - 3242 - 587 = 545. What is the remainder when 332 is divided by a?
8
Suppose -4*a + 2*t + 38 = 0, 2*a = a + 2*t + 5. Suppose -742 = -a*g - 82. Calculate the remainder when g is divided by 23.
14
Let f(z) = -z**2 + 32*z - 98. What is the remainder when 435 is divided by f(19)?
137
Suppose 0 = -2*k - 2*l + 352, -l - 85 = -3*k + 463. Let w = 195 - k. Calculate the remainder when 433 is divided by w.
13
Let c = 333 - 351. Let f(z) = 2*z**3 + 36*z**2 + 39. Calculate the remainder when 155 is divided by f(c).
38
Calculate the remainder when 1174*(15 - (-551)/(-38)) is divided by 331.
256
Calculate the remainder when ((-11037)/52)/(4/(-64)) is divided by 63.
57
Suppose -3*m - 493 = -2*q, 212*q - 217*q = m - 1173. What is the remainder when q is divided by 235?
1
Suppose 3816*w - 3810*w = 22032 + 7710. Calculate the remainder when w is divided by 155.
152
Suppose 561*j - 944 = -94*j + 17396. Calculate the remainder when 667 is divided by j.
23
Let q(b) = -b - 44. Let m be (-6)/3*3/2. Let j(z) = -z - 22. Let f(s) = m*q(s) + 5*j(s). What is the remainder when 85 is divided by f(0)?
19
Let t(m) = -m**2 + 16*m - 49. Let g(y) = y**3 - y**2 + 2*y. Let f be g(0). Suppose -5*p - 5 + 15 = f. Calculate the remainder when t(7) is divided by p.
0
Let m be 1*((-280)/(-2) + 9/(-9)). Let d = m + -132. Calculate the remainder when d is divided by 2.
1
Let y = 16882 - 15634. What is the remainder when 3760 is divided by y?
16
Suppose -6*l + 3 = -7*l + w, -5*l + 4*w = 12. Let k(b) = 18*b + 83. Calculate the remainder when k(l) is divided by 21.
20
Suppose -t = -3*r - 64, -12*r - 252 = -3*t + 3*r. Calculate the remainder when (-4)/14 - 1395/(-7) is divided by t.
29
Let l = -88 - -1. Let k = 94 + l. Suppose 57 = 4*m - m. What is the remainder when m is divided by k?
5
Suppose -144*y + 15872 - 5360 = 0. What is the remainder when 2403 is divided by y?
67
Let r = -241 - -236. Calculate the remainder when (-199)/(-3 + r - -7) is divided by 8.
7
Suppose -15 - 39 = -3*n. Suppose 3*j + n = -3*p, -2*j = -p - p. What is the remainder when 106 is divided by j - (-24 + (2 - -1))?
16
Suppose 3*d - 642 = -0*d. Suppose 0 = -3*c + 4*n + 73, 159*n - 25 = 154*n. What is the remainder when d is divided by c?
28
Let y = -59 - -64. Suppose 0 = p + 3*m - 4*m - 88, -3*p + y*m + 266 = 0. What is the remainder when p is divided by 23?
18
Let h(b) = -3*b + 21. Suppose 0 = -2*s - 6, 38 = 2*u + 3*s - 15. Let i = u - 12. Calculate the remainder when h(-5) is divided by i.
17
Let i(p) = 14*p + 624. Let f be i(-45). Let a be 1/5 + 408/(-40). What is the remainder when 0 + a*3/f*13 is divided by 17?
14
Let n = -78 - -76. Let w be -2 - (4 + -4 - (n - -10)). Calculate the remainder when 170 is divided by 262/w*1 - (-6)/(-9).
41
Suppose -3*u + u = -2*x + 18, 27 = 3*x + 2*u. Calculate the remainder when (2/(-12) - (-247)/(-114))*-30 is divided by x.
7
Let x(t) = -2*t**3 - 5*t**2 - 18*t - 3. What is the remainder when 278 is divided by x(-3)?
38
Suppose -5*m = 4*f - 0*f - 904, -4*m - 247 = -f. Let i = 349 - f. Suppose 94 - 154 = -2*h. Calculate the remainder when i is divided by h.
28
Let w = 865 + -838. What is the remainder when 863 is divided by w?
26
Suppose -5*m = -0*m + 375. Let p = m + 50. Let b = p - -37. What is the remainder when 46 is divided by b?
10
Suppose 0 = 249*c - 170*c - 5688. What is the remainder when 99 is divided by c?
27
Let d(i) = 3*i**2 + 29*i + 124. Suppose 4 = n, p + n - 808 = -2*p. What is the remainder when p is divided by d(-5)?
52
Let d = 9071 + 